ivisor of 17 and 17996053?
1
Calculate the highest common factor of 76380 and 3402260.
1340
Calculate the greatest common factor of 2686 and 10353238.
34
Calculate the highest common divisor of 4 and 9057200.
4
What is the greatest common factor of 21381714 and 18?
18
Calculate the greatest common divisor of 3064 and 37725500.
1532
What is the highest common factor of 2020256 and 161098?
4354
Calculate the highest common divisor of 113324992 and 153.
17
What is the greatest common divisor of 391 and 28781441?
23
Calculate the greatest common factor of 3056508 and 18.
18
Calculate the greatest common divisor of 359531 and 129407.
151
Calculate the greatest common divisor of 109557 and 78477.
777
Calculate the greatest common factor of 162868978 and 10172.
5086
What is the greatest common divisor of 50668 and 9006476?
956
Calculate the highest common factor of 365426811 and 2298.
1149
Calculate the highest common factor of 3950 and 16321100.
50
Calculate the highest common divisor of 382129765 and 1390.
695
Calculate the greatest common factor of 884609 and 3836.
137
Calculate the highest common factor of 112229613 and 215.
43
What is the greatest common divisor of 93226 and 519764?
14
What is the highest common divisor of 353234 and 1673?
7
What is the highest common factor of 1033175 and 30888?
143
What is the highest common divisor of 1004 and 450043?
251
What is the highest common factor of 1787310 and 2610?
90
Calculate the greatest common divisor of 153887107 and 407.
407
What is the greatest common divisor of 3759 and 12504940?
1253
Calculate the highest common divisor of 140 and 13286420.
140
What is the greatest common factor of 8845 and 1765382395?
8845
What is the greatest common divisor of 1363543 and 49209?
349
Calculate the greatest common factor of 539350 and 1045450.
350
What is the highest common factor of 402 and 201317178?
402
Calculate the greatest common divisor of 224 and 16055728.
16
Calculate the highest common factor of 3146110 and 4884.
814
Calculate the highest common divisor of 988 and 6241386.
38
Calculate the highest common divisor of 6 and 4636178.
2
Calculate the greatest common divisor of 27708 and 2820.
12
Calculate the highest common divisor of 5490 and 302283.
9
What is the highest common factor of 49560340 and 20?
20
What is the highest common divisor of 6707 and 129694?
19
What is the greatest common divisor of 216 and 5607414?
54
Calculate the greatest common factor of 60468242 and 23.
23
Calculate the greatest common factor of 817716780 and 180.
180
Calculate the greatest common divisor of 9327699 and 9.
9
What is the greatest common divisor of 151494644 and 2170?
434
What is the greatest common factor of 616 and 7307048?
56
Calculate the greatest common divisor of 278408 and 3926.
26
Calculate the highest common divisor of 4191512 and 208.
104
What is the greatest common factor of 51448 and 142354?
218
Calculate the greatest common divisor of 12631 and 105553.
17
Calculate the highest common divisor of 155 and 34937620.
155
Calculate the highest common divisor of 8496 and 42244.
236
Calculate the highest common factor of 1321896 and 36.
12
What is the highest common factor of 330528 and 38104?
88
What is the highest common factor of 1221171 and 84?
21
Calculate the greatest common divisor of 3940 and 304897885.
985
What is the highest common factor of 4154 and 4553032?
62
Calculate the greatest common factor of 8702 and 503342.
458
What is the highest common factor of 16677375 and 55?
55
Calculate the greatest common factor of 298995 and 172050.
465
What is the greatest common factor of 2706 and 293782302?
2706
Calculate the greatest common factor of 2878314 and 2072036.
1094
Calculate the highest common factor of 21851242 and 1106.
1106
What is the greatest common factor of 19581697 and 519?
173
What is the highest common factor of 24072 and 1174008?
24
Calculate the greatest common divisor of 12 and 173785398.
6
Calculate the greatest common divisor of 1014948 and 72600.
1452
What is the highest common divisor of 7833126 and 819266?
5894
What is the greatest common divisor of 7737492 and 546?
42
Calculate the highest common factor of 1804456 and 10856.
472
What is the highest common divisor of 7329176 and 697?
17
What is the greatest common factor of 369 and 706102?
41
Calculate the highest common factor of 6784153 and 559.
43
What is the greatest common divisor of 622881954 and 54?
54
What is the greatest common factor of 3990 and 628005?
105
Calculate the highest common factor of 1864930 and 10402.
1486
Calculate the greatest common divisor of 5624080 and 10.
10
What is the highest common factor of 15205852 and 90896?
1748
Calculate the highest common divisor of 118 and 441879969.
59
What is the greatest common factor of 360517521 and 39?
39
What is the greatest common divisor of 41672004 and 24?
12
What is the highest common divisor of 856 and 442049528?
856
Calculate the highest common factor of 498155 and 94815.
1505
What is the greatest common factor of 852 and 354148?
284
What is the greatest common factor of 80722383 and 21?
21
What is the greatest common divisor of 25833 and 23218962?
327
What is the greatest common factor of 5923288 and 31768?
2888
Calculate the greatest common divisor of 26467 and 613629833.
3781
What is the greatest common divisor of 24961178 and 77?
11
Calculate the highest common factor of 432 and 8593560.
216
Calculate the highest common factor of 11248 and 2075408.
304
Calculate the greatest common divisor of 521355 and 2955.
15
Calculate the greatest common factor of 34 and 163597256.
34
Calculate the greatest common divisor of 542 and 57510.
2
Calculate the greatest common divisor of 1167 and 30101598.
1167
Calculate the greatest common factor of 8026044 and 104.
52
What is the greatest common divisor of 9021 and 4698?
3
What is the highest common divisor of 17533089 and 13617?
801
What is the greatest common divisor of 1086013 and 4339391?
4661
Calculate the greatest common divisor of 2092 and 1686760772.
2092
Calculate the highest common divisor of 2320 and 19499020.
580
What is the greatest common divisor of 22108779 and 75152?
4697
What is the highest common divisor of 6780 and 12514185?
1695
Calculate the highest common factor of 20 and 10055615.
5
Calculate the highest common divisor of 754485 and 50478.
537
What is the greatest common divisor of 7695240 and 210?
210
What is the highest common divisor of 667329 and 26286?
39
What is the highest common factor of 573046897 and 1292?
323
Calculate the greatest common divisor of 29777157 and 276.
69
Calculate the highest common factor of 2137314 and 546.
6
Calculate the greatest common divisor of 29697943 and 1595.
319
What is the greatest common factor of 826 and 7266794?
118
Calculate the highest common divisor of 15220388 and 4.
4
What is the highest common factor of 26139964 and 1342?
122
Calculate the greatest common factor of 15656 and 17069572.
412
What is the highest common factor of 10847720 and 275728?
7256
What is the highest common factor of 2206284 and 21412?
212
Calculate the highest common divisor of 2503877 and 133.
19
Calculate the highest common factor of 230738 and 436622.
86
Calculate the highest common factor of 2822859 and 9867.
897
What is the highest common divisor of 26 and 28588222?
26
What is the greatest common divisor of 63 and 51654246?
21
Calculate the highest common factor of 179118783 and 17.
17
What is the highest common divisor of 13356 and 4733568?
252
Calculate the highest common factor of 22522335 and 60.
15
What is the greatest common factor of 27333378 and 36?
18
Calculate the greatest common divisor of 4396383 and 288.
9
Calculate the greatest common factor of 580 and 509469245.
145
What is the highest common divisor of 703413396 and 5622?
5622
What is the greatest common factor of 5670 and 245350?
70
What is the highest common factor of 168 and 18829832?
56
What is the highest common divisor of 79148 and 2291924?
1684
Calculate the highest common factor of 10520 and 4977538.
526
What is the greatest common divisor of 58697294 and 68?
34
Calculate the greatest common factor of 75597 and 44823.
669
Calculate the highest common factor of 9121 and 1563129617.
9121
What is th